{"id":3129,"date":"2025-03-04T16:46:03","date_gmt":"2025-03-04T21:46:03","guid":{"rendered":"https:\/\/www.cssdd.gouv.qc.ca\/bellesrivieres\/?page_id=3129"},"modified":"2025-03-05T16:37:08","modified_gmt":"2025-03-05T21:37:08","slug":"horaire","status":"publish","type":"page","link":"https:\/\/www.cssdd.gouv.qc.ca\/bellesrivieres\/horaire\/","title":{"rendered":"Horaire"},"content":{"rendered":"<p>Nos services sont offerts de 7 heures \u00e0 18 heures du lundi au vendredi.<\/p>\n<p>La collation du matin est servie \u00e0 9 heures<\/p>\n<p>Le repas est servi vers 11h15 au Petit Poucet et vers 11h30 \u00e0 l&rsquo;installation des Belles-Rivi\u00e8res.<\/p>\n<p>La collation de l&rsquo;apr\u00e8s-midi est servie vers 15 heures.<\/p>\n<p>Nous sommes ferm\u00e9s aux 13 jours f\u00e9ri\u00e9s habituels (calendrier \u00e0 l&rsquo;onglet \u00abDocuments\u00bb)<\/p>\n","protected":false},"excerpt":{"rendered":"<p>Nos services sont offerts de 7 heures \u00e0 18 heures du lundi au vendredi. La collation du matin est servie \u00e0 9 heures Le repas est servi vers 11h15 au Petit Poucet et vers 11h30 \u00e0 l&rsquo;installation des Belles-Rivi\u00e8res. La collation de l&rsquo;apr\u00e8s-midi est servie vers 15 heures. Nous sommes ferm\u00e9s aux 13 jours f\u00e9ri\u00e9s [&hellip;]<\/p>\n","protected":false},"author":233,"featured_media":0,"parent":0,"menu_order":0,"comment_status":"closed","ping_status":"closed","template":"","meta":{"footnotes":""},"class_list":["post-3129","page","type-page","status-publish","hentry"],"yoast_head":"<!-- This site is optimized with the Yoast SEO plugin v27.0 - https:\/\/yoast.com\/product\/yoast-seo-wordpress\/ -->\n<title>Horaire - CPE Les Pilotes de L\u2019Avenir<\/title>\n<meta name=\"robots\" content=\"index, follow, max-snippet:-1, max-image-preview:large, max-video-preview:-1\" \/>\n<link rel=\"canonical\" href=\"https:\/\/www.cssdd.gouv.qc.ca\/bellesrivieres\/horaire\/\" \/>\n<meta property=\"og:locale\" content=\"fr_FR\" \/>\n<meta property=\"og:type\" content=\"article\" \/>\n<meta property=\"og:title\" content=\"Horaire - CPE Les Pilotes de L\u2019Avenir\" \/>\n<meta property=\"og:description\" content=\"Nos services sont offerts de 7 heures \u00e0 18 heures du lundi au vendredi. La collation du matin est servie \u00e0 9 heures Le repas est servi vers 11h15 au Petit Poucet et vers 11h30 \u00e0 l&rsquo;installation des Belles-Rivi\u00e8res. La collation de l&rsquo;apr\u00e8s-midi est servie vers 15 heures. Nous sommes ferm\u00e9s aux 13 jours f\u00e9ri\u00e9s [&hellip;]\" \/>\n<meta property=\"og:url\" content=\"https:\/\/www.cssdd.gouv.qc.ca\/bellesrivieres\/horaire\/\" \/>\n<meta property=\"og:site_name\" content=\"CPE Les Pilotes de L\u2019Avenir\" \/>\n<meta property=\"article:modified_time\" content=\"2025-03-05T21:37:08+00:00\" \/>\n<meta name=\"twitter:card\" content=\"summary_large_image\" \/>\n<meta name=\"twitter:label1\" content=\"Dur\u00e9e de lecture estim\u00e9e\" \/>\n\t<meta name=\"twitter:data1\" content=\"1 minute\" \/>\n<script type=\"application\/ld+json\" class=\"yoast-schema-graph\">{\"@context\":\"https:\/\/schema.org\",\"@graph\":[{\"@type\":\"WebPage\",\"@id\":\"https:\/\/www.cssdd.gouv.qc.ca\/bellesrivieres\/horaire\/\",\"url\":\"https:\/\/www.cssdd.gouv.qc.ca\/bellesrivieres\/horaire\/\",\"name\":\"Horaire - CPE Les Pilotes de L\u2019Avenir\",\"isPartOf\":{\"@id\":\"https:\/\/www.cssdd.gouv.qc.ca\/bellesrivieres\/#website\"},\"datePublished\":\"2025-03-04T21:46:03+00:00\",\"dateModified\":\"2025-03-05T21:37:08+00:00\",\"breadcrumb\":{\"@id\":\"https:\/\/www.cssdd.gouv.qc.ca\/bellesrivieres\/horaire\/#breadcrumb\"},\"inLanguage\":\"fr-FR\",\"potentialAction\":[{\"@type\":\"ReadAction\",\"target\":[\"https:\/\/www.cssdd.gouv.qc.ca\/bellesrivieres\/horaire\/\"]}]},{\"@type\":\"BreadcrumbList\",\"@id\":\"https:\/\/www.cssdd.gouv.qc.ca\/bellesrivieres\/horaire\/#breadcrumb\",\"itemListElement\":[{\"@type\":\"ListItem\",\"position\":1,\"name\":\"Accueil\",\"item\":\"https:\/\/www.cssdd.gouv.qc.ca\/bellesrivieres\/\"},{\"@type\":\"ListItem\",\"position\":2,\"name\":\"Horaire\"}]},{\"@type\":\"WebSite\",\"@id\":\"https:\/\/www.cssdd.gouv.qc.ca\/bellesrivieres\/#website\",\"url\":\"https:\/\/www.cssdd.gouv.qc.ca\/bellesrivieres\/\",\"name\":\"CPE Les Pilotes de L\u2019Avenir\",\"description\":\"\",\"potentialAction\":[{\"@type\":\"SearchAction\",\"target\":{\"@type\":\"EntryPoint\",\"urlTemplate\":\"https:\/\/www.cssdd.gouv.qc.ca\/bellesrivieres\/?s={search_term_string}\"},\"query-input\":{\"@type\":\"PropertyValueSpecification\",\"valueRequired\":true,\"valueName\":\"search_term_string\"}}],\"inLanguage\":\"fr-FR\"}]}<\/script>\n<!-- \/ Yoast SEO plugin. -->","yoast_head_json":{"title":"Horaire - CPE Les Pilotes de L\u2019Avenir","robots":{"index":"index","follow":"follow","max-snippet":"max-snippet:-1","max-image-preview":"max-image-preview:large","max-video-preview":"max-video-preview:-1"},"canonical":"https:\/\/www.cssdd.gouv.qc.ca\/bellesrivieres\/horaire\/","og_locale":"fr_FR","og_type":"article","og_title":"Horaire - CPE Les Pilotes de L\u2019Avenir","og_description":"Nos services sont offerts de 7 heures \u00e0 18 heures du lundi au vendredi. La collation du matin est servie \u00e0 9 heures Le repas est servi vers 11h15 au Petit Poucet et vers 11h30 \u00e0 l&rsquo;installation des Belles-Rivi\u00e8res. La collation de l&rsquo;apr\u00e8s-midi est servie vers 15 heures. Nous sommes ferm\u00e9s aux 13 jours f\u00e9ri\u00e9s [&hellip;]","og_url":"https:\/\/www.cssdd.gouv.qc.ca\/bellesrivieres\/horaire\/","og_site_name":"CPE Les Pilotes de L\u2019Avenir","article_modified_time":"2025-03-05T21:37:08+00:00","twitter_card":"summary_large_image","twitter_misc":{"Dur\u00e9e de lecture estim\u00e9e":"1 minute"},"schema":{"@context":"https:\/\/schema.org","@graph":[{"@type":"WebPage","@id":"https:\/\/www.cssdd.gouv.qc.ca\/bellesrivieres\/horaire\/","url":"https:\/\/www.cssdd.gouv.qc.ca\/bellesrivieres\/horaire\/","name":"Horaire - CPE Les Pilotes de L\u2019Avenir","isPartOf":{"@id":"https:\/\/www.cssdd.gouv.qc.ca\/bellesrivieres\/#website"},"datePublished":"2025-03-04T21:46:03+00:00","dateModified":"2025-03-05T21:37:08+00:00","breadcrumb":{"@id":"https:\/\/www.cssdd.gouv.qc.ca\/bellesrivieres\/horaire\/#breadcrumb"},"inLanguage":"fr-FR","potentialAction":[{"@type":"ReadAction","target":["https:\/\/www.cssdd.gouv.qc.ca\/bellesrivieres\/horaire\/"]}]},{"@type":"BreadcrumbList","@id":"https:\/\/www.cssdd.gouv.qc.ca\/bellesrivieres\/horaire\/#breadcrumb","itemListElement":[{"@type":"ListItem","position":1,"name":"Accueil","item":"https:\/\/www.cssdd.gouv.qc.ca\/bellesrivieres\/"},{"@type":"ListItem","position":2,"name":"Horaire"}]},{"@type":"WebSite","@id":"https:\/\/www.cssdd.gouv.qc.ca\/bellesrivieres\/#website","url":"https:\/\/www.cssdd.gouv.qc.ca\/bellesrivieres\/","name":"CPE Les Pilotes de L\u2019Avenir","description":"","potentialAction":[{"@type":"SearchAction","target":{"@type":"EntryPoint","urlTemplate":"https:\/\/www.cssdd.gouv.qc.ca\/bellesrivieres\/?s={search_term_string}"},"query-input":{"@type":"PropertyValueSpecification","valueRequired":true,"valueName":"search_term_string"}}],"inLanguage":"fr-FR"}]}},"_links":{"self":[{"href":"https:\/\/www.cssdd.gouv.qc.ca\/bellesrivieres\/wp-json\/wp\/v2\/pages\/3129","targetHints":{"allow":["GET"]}}],"collection":[{"href":"https:\/\/www.cssdd.gouv.qc.ca\/bellesrivieres\/wp-json\/wp\/v2\/pages"}],"about":[{"href":"https:\/\/www.cssdd.gouv.qc.ca\/bellesrivieres\/wp-json\/wp\/v2\/types\/page"}],"author":[{"embeddable":true,"href":"https:\/\/www.cssdd.gouv.qc.ca\/bellesrivieres\/wp-json\/wp\/v2\/users\/233"}],"replies":[{"embeddable":true,"href":"https:\/\/www.cssdd.gouv.qc.ca\/bellesrivieres\/wp-json\/wp\/v2\/comments?post=3129"}],"version-history":[{"count":3,"href":"https:\/\/www.cssdd.gouv.qc.ca\/bellesrivieres\/wp-json\/wp\/v2\/pages\/3129\/revisions"}],"predecessor-version":[{"id":3163,"href":"https:\/\/www.cssdd.gouv.qc.ca\/bellesrivieres\/wp-json\/wp\/v2\/pages\/3129\/revisions\/3163"}],"wp:attachment":[{"href":"https:\/\/www.cssdd.gouv.qc.ca\/bellesrivieres\/wp-json\/wp\/v2\/media?parent=3129"}],"curies":[{"name":"wp","href":"https:\/\/api.w.org\/{rel}","templated":true}]}}